 by 74.
1
Calculate the remainder when 330 is divided by 99.
33
What is the remainder when 1157 is divided by 36?
5
What is the remainder when 53 is divided by 4?
1
Calculate the remainder when 54 is divided by 3.
0
Calculate the remainder when 6549 is divided by 95.
89
Calculate the remainder when 51 is divided by 10.
1
What is the remainder when 733 is divided by 17?
2
What is the remainder when 367 is divided by 3?
1
Calculate the remainder when 1287 is divided by 10.
7
What is the remainder when 71 is divided by 9?
8
What is the remainder when 834 is divided by 27?
24
Calculate the remainder when 603 is divided by 121.
119
What is the remainder when 603 is divided by 36?
27
Calculate the remainder when 451 is divided by 155.
141
Calculate the remainder when 997 is divided by 112.
101
Calculate the remainder when 136 is divided by 74.
62
What is the remainder when 843 is divided by 13?
11
Calculate the remainder when 656 is divided by 30.
26
What is the remainder when 254 is divided by 33?
23
What is the remainder when 94 is divided by 22?
6
Calculate the remainder when 52 is divided by 6.
4
What is the remainder when 1679 is divided by 42?
41
Calculate the remainder when 3089 is divided by 119.
114
What is the remainder when 5862 is divided by 69?
66
What is the remainder when 348 is divided by 25?
23
Calculate the remainder when 1535 is divided by 22.
17
Calculate the remainder when 538 is divided by 65.
18
What is the remainder when 1024 is divided by 492?
40
What is the remainder when 3533 is divided by 26?
23
What is the remainder when 73 is divided by 5?
3
What is the remainder when 483 is divided by 61?
56
Calculate the remainder when 22 is divided by 20.
2
What is the remainder when 60 is divided by 23?
14
Calculate the remainder when 40 is divided by 20.
0
What is the remainder when 1039 is divided by 266?
241
Calculate the remainder when 81 is divided by 32.
17
What is the remainder when 62 is divided by 13?
10
What is the remainder when 320 is divided by 51?
14
Calculate the remainder when 331 is divided by 57.
46
Calculate the remainder when 61 is divided by 9.
7
What is the remainder when 635 is divided by 164?
143
What is the remainder when 215 is divided by 12?
11
Calculate the remainder when 71 is divided by 42.
29
What is the remainder when 194 is divided by 171?
23
What is the remainder when 3121 is divided by 23?
16
Calculate the remainder when 172 is divided by 26.
16
What is the remainder when 1425 is divided by 145?
120
Calculate the remainder when 358 is divided by 19.
16
What is the remainder when 78 is divided by 39?
0
Calculate the remainder when 40 is divided by 21.
19
What is the remainder when 240 is divided by 35?
30
Calculate the remainder when 2619 is divided by 125.
119
Calculate the remainder when 315 is divided by 42.
21
What is the remainder when 2330 is divided by 29?
10
Calculate the remainder when 1599 is divided by 6.
3
Calculate the remainder when 16764 is divided by 35.
34
What is the remainder when 2489 is divided by 53?
51
What is the remainder when 14833 is divided by 69?
67
Calculate the remainder when 134 is divided by 20.
14
What is the remainder when 942 is divided by 19?
11
What is the remainder when 304 is divided by 48?
16
Calculate the remainder when 168 is divided by 46.
30
Calculate the remainder when 1563 is divided by 766.
31
What is the remainder when 589 is divided by 37?
34
What is the remainder when 339 is divided by 31?
29
Calculate the remainder when 169 is divided by 34.
33
What is the remainder when 2055 is divided by 62?
9
Calculate the remainder when 206 is divided by 52.
50
Calculate the remainder when 2029 is divided by 20.
9
What is the remainder when 4414 is divided by 85?
79
Calculate the remainder when 3167 is divided by 36.
35
Calculate the remainder when 424 is divided by 25.
24
What is the remainder when 180 is divided by 14?
12
What is the remainder when 9591 is divided by 88?
87
Calculate the remainder when 178 is divided by 113.
65
Calculate the remainder when 1355 is divided by 34.
29
Calculate the remainder when 1002 is divided by 15.
12
What is the remainder when 262 is divided by 19?
15
Calculate the remainder when 461 is divided by 7.
6
What is the remainder when 144 is divided by 73?
71
Calculate the remainder when 540 is divided by 106.
10
What is the remainder when 27 is divided by 20?
7
What is the remainder when 1467 is divided by 15?
12
What is the remainder when 513 is divided by 43?
40
What is the remainder when 1892 is divided by 623?
23
What is the remainder when 4782 is divided by 52?
50
Calculate the remainder when 1912 is divided by 58.
56
Calculate the remainder when 56278 is divided by 268.
266
Calculate the remainder when 166 is divided by 29.
21
Calculate the remainder when 209 is divided by 53.
50
Calculate the remainder when 167 is divided by 56.
55
What is the remainder when 7377 is divided by 10?
7
What is the remainder when 1327 is divided by 8?
7
What is the remainder when 2292 is divided by 194?
158
Calculate the remainder when 125 is divided by 7.
6
Calculate the remainder when 1513 is divided by 115.
18
What is the remainder when 53 is divided by 4?
1
Calculate the remainder when 202 is divided by 54.
40
What is the remainder when 6893 is divided by 10?
3
What is the remainder when 822 is divided by 220?
162
Calculate the remainder when 93 is divided by 29.
6
Calculate the remainder when 3621 is divided by 26.
7
Calculate the remainder when 269 is divided by 124.
21
What is the remainder when 96 is divided by 20?
16
Calculate the remainder when 253 is divided by 133.
120
What is the remainder when 42 is divided by 23?
19
What is the remainder when 107 is divided by 33?
8
Calculate the remainder when 2506 is divided by 19.
17
What is the remainder when 870 is divided by 26?
12
Calculate the remainder when 701 is divided by 44.
41
What is the remainder when 343 is divided by 87?
82
Calculate the remainder when 170 is divided by 120.
50
Calculate the remainder when 2045 is divided by 205.
200
Calculate the remainder when 143 is divided by 20.
3
Calculate the remainder when 2261 is divided by 28.
21
What is the remainder when 56 is divided by 13?
4
Calculate the remainder when 24 is divided by 8.
0
Calculate the remainder when 144 is divided by 29.
28
Calculate the remainder when 124 is divided by 26.
20
What is the remainder when 65 is divided by 46?
19
What is the remainder when 451 is divided by 115?
106
Calculate the remainder when 1052 is divided by 89.
73
Calculate the remainder when 87 is divided by 57.
30
Calculate the remainder when 985 is divided by 165.
160
What is the remainder when 428 is divided by 10?
8
Calculate the remainder when 189 is divided by 4.
1
What is the remainder when 2046 is divided by 289?
23
Calculate the remainder when 540 is divided by 5.
0
What is the remainder when 779 is divided by 5?
4
Calculate the remainder when 1727 is divided by 246.
5
Calculate the remainder when 2350 is divided by 135.
55
What is the remainder when 5078 is divided by 2527?
24
What is the remainder when 26 is divided by 11?
4
Calculate the remainder when 457 is divided by 228.
1
What is the remainder when 528 is divided by 136?
120
Calculate the remainder when 126 is divided by 52.
22
What is the remainder when 167 is divided by 8?
7
What is the remainder when 618 is divided by 155?
153
What is the remainder when 41 is divided by 35?
6
What is the remainder when 163 is divided by 15?
13
What is the remainder when 184 is divided by 62?
60
Calculate the remainder when 76 is divided by 30.
16
What is the remainder when 808 is divided by 41?
29
Calculate the remainder when 499 is divided by 125.
124
Calculate the remainder when 131 is divided by 7.
5
Calculate the remainder when 342 is divided by 170.
2
What is the remainder when 230 is divided by 17?
9
What is the remainder when 146 is divided by 31?
22
Calculate the remainder when 394 is divided by 386.
8
What is the remainder when 777 is divided by 241?
54
Calculate the remainder when 197 is divided by 46.
13
Calculate the remainder when 2594 is divided by 31.
21
Calculate the remainder when 289 is divided by 142.
5
What is the remainder when 809 is divided by 763?
46
What i